 be s(-26). What are the prime factors of q(l)?
2, 3
List the prime factors of 6/12 - 1 - (-193)/2.
2, 3
Let o(y) = y + 12. Let s = 5 - 16. Let n be o(s). What are the prime factors of 30/n*(-14)/(-35)?
2, 3
Let d = -193 - -1036. List the prime factors of d.
3, 281
Suppose -k = 4, -3*k = -4*i - i + 2. Let x be ((-2)/(-3))/(i/(-459)). Suppose x - 47 = 2*j. What are the prime factors of j?
53
Suppose 1110 = 15*b - 10*b. List the prime factors of b.
2, 3, 37
Suppose 5*z - 27 = -7. Suppose -2*n - 63 = -5*f - 0*f, -3*f + 49 = -z*n. List the prime factors of f.
11
Suppose -2*y - 144 = -968. What are the prime factors of y?
2, 103
Let d be 1274/(-10) + 2/5. Let k = -305 + 94. Let f = d - k. What are the prime factors of f?
2, 3, 7
Let r be 6/(-33) - 12/(-66). Suppose -4*s = -r*s + 8. What are the prime factors of ((-23)/s)/(5/20)?
2, 23
Let d be 7*(10/70)/((-1)/(-3)). Suppose -d*l + 41 = -4. List the prime factors of l.
3, 5
Let y(t) = 2*t**2 + 15*t - 1. Let h be y(-12). Suppose 5*b - 4*k - h = 85, -194 = -5*b + 3*k. Suppose -2*v = -v - b. List the prime factors of v.
2, 5
List the prime factors of (-62)/(-2)*(28 + (-90)/10).
19, 31
Let q = 25 + 279. What are the prime factors of q?
2, 19
Suppose 4*z - 5*f = -545, 4*z + 370 = z - 4*f. Let t = z + 196. List the prime factors of t.
2, 3, 11
Let z(r) = 169*r + 474. List the prime factors of z(25).
37, 127
Suppose 4*y - 3*j = j - 24, 4*y + 4*j = 0. Let z(b) = -3*b**3 - 5*b**2 - 5*b - 2. List the prime factors of z(y).
7
Let a(c) be the third derivative of c**5/60 - c**4/4 - 11*c**3/6 - 3*c**2. What are the prime factors of a(11)?
2, 11
Suppose -4*c - 1 = -5*c. Let n(v) = -9*v + 2. Let d be n(c). Let j = 10 + d. List the prime factors of j.
3
What are the prime factors of (431/(-2))/(28/8 - 4)?
431
Let n = 22 - 19. Suppose -c + 2*o = n, 2*o = -3*o + 20. Suppose -c*k = -3*f - 157, 2*f - 6*f = 2*k - 68. What are the prime factors of k?
2
Let t be 0/(8/4 - 1). Suppose t = 7*i + 76 - 601. What are the prime factors of i?
3, 5
List the prime factors of 1/4 + 156575/100.
2, 3, 29
Let k = 27 + -25. List the prime factors of ((-20)/25)/(k/(-60)).
2, 3
Let q = 239 + -227. Suppose -5*w + 31 = 4*p - 54, p = 3*w + 34. Let d = q + p. What are the prime factors of d?
37
Suppose 5*o + 3*h - h + 124 = 0, -3*h = -o - 18. Let u be (1 + -4)/(36/o). What are the prime factors of (-2)/(u/76*-2)?
2, 19
Suppose 26*g = 28*g. Let q(m) = -2*m**2 + 3*m + 27. List the prime factors of q(g).
3
What are the prime factors of ((-1)/(-3))/((-17)/(-84966)*7)?
2, 7, 17
Suppose 0 = -5*l + 2*y - 3*y + 133, 3*l - 3*y - 69 = 0. Suppose q + l = -q. Let i = 44 + q. What are the prime factors of i?
31
Let a(i) = -8*i**3 + 7*i + 4. Let l be a(-3). List the prime factors of 7/(-14) - (-2)/(4/l).
3, 11
Let n(s) = 5*s + 0*s - 2*s. Let r be n(1). Suppose -r*y - 6 = -27. What are the prime factors of y?
7
Let j be 1845/27 + 2/3. Let a = j - 22. What are the prime factors of a?
47
Suppose -7*n - 31911 = -40*n. What are the prime factors of n?
967
What are the prime factors of (4560/35)/(3/28)?
2, 19
Suppose -872 = 3*i - 5*x - 2460, -2*i + 2*x + 1064 = 0. List the prime factors of i.
2, 67
Suppose 159 = -4*n - 485. Let l = -112 - n. Suppose -l = -3*i + 38. What are the prime factors of i?
29
Suppose -1210 = -4*j - w, 3*w = -2*j + 148 + 462. List the prime factors of j.
2, 151
Suppose 1376 = 5*w - 2*w - 4*t, 940 = 2*w + 3*t. What are the prime factors of w?
2, 29
Let a(c) = -269*c - 203. What are the prime factors of a(-4)?
3, 97
Suppose 4*n + 2*g + 1 = 7, -3*g + 13 = 2*n. Let t(j) = 21*j + 2. Let v be t(n). List the prime factors of 1 + -1 - (5 + v).
2, 7
Suppose 3*j - 56 = 88. Let x = j - 19. Suppose -3*y + x + 40 = 0. List the prime factors of y.
23
Suppose -49 = -4*r + 5*i - 0*i, -9 = -4*r - 3*i. Suppose -6*x - r*x = -3492. List the prime factors of x.
3, 97
Suppose 2*z - 322 = -5*s + 773, 4*z + s - 2217 = 0. List the prime factors of z.
3, 5, 37
What are the prime factors of (12/(-42)*-7)/((-4)/(-972))?
2, 3
Let z(o) = -52*o**3 + 3 - 4*o - o**2 + 3*o**2 + 53*o**3. What are the prime factors of z(3)?
2, 3
Let w = -852 - -2210. List the prime factors of w.
2, 7, 97
Let a(i) = -i - 3. Let s be a(-7). Suppose -b + 5 = 6*l - 3*l, s*l + b = 5. Suppose -2*j + 0*j + 112 = l. What are the prime factors of j?
2, 7
Suppose -3*w + 926 + 38 = 5*d, 20 = -5*d. What are the prime factors of w?
2, 41
Let i(u) = -u**2 + 26*u - 47. Let v be i(14). Let z = 136 - v. List the prime factors of z.
3, 5
Suppose 7*o = 11*o - 8. Suppose o*r + 18 = 3*h - h, 21 = h + 3*r. List the prime factors of h.
2, 3
Suppose -5*w + 110 = -470. Suppose g - 24 = -1. Suppose -3*q + w = g. List the prime factors of q.
31
Let i = 158 - 242. Let g be (-8)/(-20) + 344/(-10). Let k = g - i. What are the prime factors of k?
2, 5
Suppose -2*s + 76 = 4*o, -3*o - 15 = -3. Let k be (13/(-2))/((-20)/(-40)). Let u = s + k. List the prime factors of u.
3, 11
Let l = 3 + 0. Suppose -l*v + 16 = -26. Suppose -4*f - 2 = -v. What are the prime factors of f?
3
Let n = -8 + 39. Let c = n - 2. List the prime factors of c.
29
Let k = -2266 + 3877. List the prime factors of k.
3, 179
Suppose 0 = 3*v - 4*x - 1222, -4*x = -9*x + 25. What are the prime factors of v?
2, 3, 23
Suppose 3*k = 4*t - 1989, 0 = t - 3*k - 469 - 26. What are the prime factors of t?
2, 3, 83
Suppose -10*k + 8*k + 228 = 0. Let v = k - 15. List the prime factors of v.
3, 11
Let y = -226 - -264. What are the prime factors of y?
2, 19
Let m = 186 + -312. Let w = m + 230. List the prime factors of w.
2, 13
Let v be (-7)/(-3) + -2 - (-1401)/9. Suppose 0 = -9*s + 12*s - v. List the prime factors of s.
2, 13
Suppose -3*b = -3 - 3, -5*w - 2*b + 19 = 0. Let v(n) = n**2 - 2*n + 15. Let m be v(0). Suppose 4*y = w*y + m. What are the prime factors of y?
3, 5
Let u(t) = -3*t - 55. Let o(l) = -4*l - 83. Let r(q) = 5*o(q) - 8*u(q). What are the prime factors of r(7)?
53
Let x(o) = -44*o**2 - 3*o - 1. Let h be x(-2). List the prime factors of 9 - 8 - (h + 2 + -2).
2, 43
Let t be 60*(-2 - 2/3). Let r = 278 + t. Suppose 0 = 2*l + 2*p - r, 3*p - 146 + 27 = -2*l. List the prime factors of l.
2, 29
Let d(z) = 7*z - 1 - z**3 - 25*z**2 - 6 + 5*z**3 - 3*z**3. What are the prime factors of d(25)?
2, 3, 7
Let l(t) = t**3 + 19*t**2 - 11*t + 49. What are the prime factors of l(-17)?
2, 11, 37
Suppose -43*v = -59*v + 48. Suppose 5*n - 5*y - 612 = -4*y, 3*y - 624 = -5*n. Suppose -12 = -v*s - s, 4*q = -s + n. List the prime factors of q.
2, 3, 5
Let v(n) = -n**3 - n**2 + 19*n - 1. Let s be v(-5). Suppose 0 = -3*p + 4*g + 8, s*p + 4*g - 40 - 8 = 0. What are the prime factors of p?
2
Let o(g) = -209*g + 160. What are the prime factors of o(-6)?
2, 7, 101
Suppose 4*k + 6*j = j + 3, -2*j - 9 = 5*k. Let n be k/(24/4)*-8. Suppose -2*t - n*s - 120 = -5*t, -2*t + 87 = -5*s. What are the prime factors of t?
2, 3
Suppose -6*k = -5*p - 4*k + 12166, -4*p = 5*k - 9713. What are the prime factors of p?
2, 19
Let t be (-8)/(-28) - (-24)/14. Suppose -149 = -t*d + 2*x + 3*x, -5*d + 5*x + 395 = 0. List the prime factors of d.
2, 41
What are the prime factors of 88769/29 - (0 - -4)?
3, 1019
Let s(r) = r**2 - 8*r - 16. List the prime factors of s(24).
2, 23
What are the prime factors of -4 + (-75)/(-20) - (-280969)/52?
3, 1801
Let d(u) be the first derivative of u**4/3 - 5*u**3/6 + u**2/2 - 2*u + 8. Let o(y) be the first derivative of d(y). List the prime factors of o(4).
3, 5
Let r(o) = 22*o - 15. Let m = 14 + -8. What are the prime factors of r(m)?
3, 13
Suppose 3*y + 2*k - 593 = 7*k, -k = 5*y - 1007. List the prime factors of y.
3, 67
Let z(n) = -6*n**2 + 9*n + 4. Let i be z(4). Let g = i - -106. What are the prime factors of g?
2, 5
Suppose -5*t - 45 = -2*u, u + 6*t - 16 = 2*t. Suppose 19*n - u = 17*n. What are the prime factors of n?
2, 5
Let w(s) = -s**2 - 11*s - 10. Let u = -34 + 62. Suppose g = 5*g + u. List the prime factors of w(g).
2, 3
Let z(g) = 159*g - 459. What are the prime factors of z(19)?
2, 3, 7, 61
Let v(z) = -2*z**2 - 16*z - 9. Let l be v(-6). Let b = 18 - l. Suppose 0 = -b*k + 98 - 14. List the prime factors of k.
2, 7
Suppose 0 = -2*y + 10 - 2, 0 = 4*r - 2*y - 28. Let t be (r/(-12))/((-1)/4). Suppose 2*w - 96 = t*h, 192 = 2*w + 2*w + 5*h. What are the prime factors of